{"id":141,"date":"2014-05-26T19:44:49","date_gmt":"2014-05-26T19:44:49","guid":{"rendered":"http:\/\/davidpalacin-photographer.com\/?page_id=141"},"modified":"2019-01-10T09:00:32","modified_gmt":"2019-01-10T09:00:32","slug":"exposiciones","status":"publish","type":"page","link":"https:\/\/davidpalacin-photographer.com\/?page_id=141","title":{"rendered":"Exposiciones"},"content":{"rendered":"<ul>\n<li>Exposici\u00f3n \u201cLos guardianes de La Tierra\u201d Teatro Principal octubre 2018 Burgos<\/li>\n<li>Exposici\u00f3n \u201cRetorno a \u00c1frica\u201d Dak\u00b4art 18 mayo 2018 Dakar<\/li>\n<li>Exposici\u00f3n \u201cDiscapacidad en la periferia del Mundo\u201d Aranda de Duero marzo 2018 Cultural Caja de Burgos<\/li>\n<li>Exposici\u00f3n \u201cDiscapacidad en la periferia del Mundo\u201d noviembre 2017\u00a0 Ayto. de Lerma<\/li>\n<li>Exposici\u00f3n \u201cRetorno a \u00c1frica\u201d octubre 2017 CAB Burgos<\/li>\n<li>Exposici\u00f3n \u201cDiscapacidad en la periferia del Mundo\u201d octubre 2017\u00a0 Monasterio de San Agust\u00edn Burgos<\/li>\n<li>Exposici\u00f3n \u201c Bailando Sorolla\u201d Teatro de la Maestranza marzo 2016 Sevilla<\/li>\n<li>Exposici\u00f3n \u201cFlamencos, Retrato de un sentimiento\u201d Monasterio de San Agust\u00edn noviembre 2015 Burgos<\/li>\n<li>Exposici\u00f3n \u201c Bailando Sorolla\u201d Auditorio municipal El Ejido mayo y junio de 2015 Almer\u00eda<\/li>\n<li>Exposici\u00f3n \u201cPresencias\u201d Consulado del Mar noviembre 2015 Burgos<\/li>\n<li>Galer\u00eda Hoojun septiembre 2014 Los \u00c1ngeles<\/li>\n<li>Exposici\u00f3n \u201cBailando Sorolla\u201d Museo Sorolla Junio 2014 Madrid<\/li>\n<li>Exposici\u00f3n \u201cGor\u00e9e el retorno\u201d Photoespa\u00f1a Galer\u00eda Rafael P\u00e9rez Hernando junio 2014 Madrid<\/li>\n<li>Exposici\u00f3n \u201cGor\u00e9e el retorno\u201d Sciences PO marzo 2013 Paris<\/li>\n<li>Exposici\u00f3n \u201cGor\u00e9e el retorno\u201d Arco Santa Mar\u00eda x Enero 2013 Burgos<\/li>\n<li>Exposici\u00f3n colectiva \u201cuniverso en espa\u00f1ol\u201d instituto Cervantes noviembre 2012 Madrid<\/li>\n<li>Exposici\u00f3n \u201cGor\u00e9e el retorno\u201d noviembre 2012 Casablanca<\/li>\n<li>Exposici\u00f3n \u201cGor\u00e9e el retorno\u201d Casa de la madera Agosto 2012 Burgos<\/li>\n<li>Descubrimientos Photoespa\u00f1a junio 2012 Madrid<\/li>\n<li>Exposici\u00f3n \u201cGor\u00e9e el retorno\u201d Junio 2012 Saint Louis<\/li>\n<li>Exposici\u00f3n \u201cGor\u00e9e el retorno\u201d Bienal de arte contempor\u00e1neo Dak\u00b4art Mayo 2012 Dakar<\/li>\n<li>Finalista concurso \u201cuniverso en espa\u00f1ol\u201d Diciembre 2011<\/li>\n<li>Exposici\u00f3n \u201cI WAS THERE\u201d Junio 2011 galer\u00eda Kavachnina Contemporary Miami<\/li>\n<li>Exposici\u00f3n \u201c22 de 2016\u201d Teatro principal Junio 2011 Burgos<\/li>\n<li>Exposici\u00f3n \u201cFlamencos, Retrato de un sentimiento\u201d Jeam Mermoz Junio 2011 Dakar<\/li>\n<li>Exposici\u00f3n \u201cel concepto negro de la noche blanca\u201d Noche blanca de Mayo 2011 Burgos<\/li>\n<li>Exposici\u00f3n \u201cretratos Serranos\u201d casa de la madera julio 2010 Burgos<\/li>\n<li>Exposici\u00f3n\u201d Portrait David Palac\u00edn\u201d Bienal de arte contempor\u00e1neo Dak\u00b4art Mayo 2010 Dakar<\/li>\n<li>Exposici\u00f3n\u201d Portrait David Palac\u00edn\u201d Casino Contrexevil Abril 2010 Contrexevil<\/li>\n<li><\/li>\n<\/ul>\n","protected":false},"excerpt":{"rendered":"<p>Exposici\u00f3n \u201cLos guardianes de La Tierra\u201d Teatro Principal octubre 2018 Burgos Exposici\u00f3n \u201cRetorno a \u00c1frica\u201d Dak\u00b4art 18 mayo 2018 Dakar Exposici\u00f3n \u201cDiscapacidad en la periferia del Mundo\u201d Aranda de Duero marzo 2018 Cultural Caja de Burgos Exposici\u00f3n \u201cDiscapacidad en la periferia del Mundo\u201d noviembre 2017\u00a0 [&hellip;]<\/p>\n","protected":false},"author":1,"featured_media":0,"parent":0,"menu_order":4,"comment_status":"open","ping_status":"open","template":"","meta":{"footnotes":""},"class_list":["post-141","page","type-page","status-publish","hentry"],"_links":{"self":[{"href":"https:\/\/davidpalacin-photographer.com\/index.php?rest_route=\/wp\/v2\/pages\/141","targetHints":{"allow":["GET"]}}],"collection":[{"href":"https:\/\/davidpalacin-photographer.com\/index.php?rest_route=\/wp\/v2\/pages"}],"about":[{"href":"https:\/\/davidpalacin-photographer.com\/index.php?rest_route=\/wp\/v2\/types\/page"}],"author":[{"embeddable":true,"href":"https:\/\/davidpalacin-photographer.com\/index.php?rest_route=\/wp\/v2\/users\/1"}],"replies":[{"embeddable":true,"href":"https:\/\/davidpalacin-photographer.com\/index.php?rest_route=%2Fwp%2Fv2%2Fcomments&post=141"}],"version-history":[{"count":9,"href":"https:\/\/davidpalacin-photographer.com\/index.php?rest_route=\/wp\/v2\/pages\/141\/revisions"}],"predecessor-version":[{"id":343,"href":"https:\/\/davidpalacin-photographer.com\/index.php?rest_route=\/wp\/v2\/pages\/141\/revisions\/343"}],"wp:attachment":[{"href":"https:\/\/davidpalacin-photographer.com\/index.php?rest_route=%2Fwp%2Fv2%2Fmedia&parent=141"}],"curies":[{"name":"wp","href":"https:\/\/api.w.org\/{rel}","templated":true}]}}

<ul>
<li>Exposición “Los guardianes de La Tierra” Teatro Principal octubre 2018 Burgos</li>
<li>Exposición “Retorno a África” Dak´art 18 mayo 2018 Dakar</li>
<li>Exposición “Discapacidad en la periferia del Mundo” Aranda de Duero marzo 2018 Cultural Caja de Burgos</li>
<li>Exposición “Discapacidad en la periferia del Mundo” noviembre 2017  Ayto. de Lerma</li>
<li>Exposición “Retorno a África” octubre 2017 CAB Burgos</li>
<li>Exposición “Discapacidad en la periferia del Mundo” octubre 2017  Monasterio de San Agustín Burgos</li>
<li>Exposición “ Bailando Sorolla” Teatro de la Maestranza marzo 2016 Sevilla</li>
<li>Exposición “Flamencos, Retrato de un sentimiento” Monasterio de San Agustín noviembre 2015 Burgos</li>
<li>Exposición “ Bailando Sorolla” Auditorio municipal El Ejido mayo y junio de 2015 Almería</li>
<li>Exposición “Presencias” Consulado del Mar noviembre 2015 Burgos</li>
<li>Galería Hoojun septiembre 2014 Los Ángeles</li>
<li>Exposición “Bailando Sorolla” Museo Sorolla Junio 2014 Madrid</li>
<li>Exposición “Gorée el retorno” Photoespaña Galería Rafael Pérez Hernando junio 2014 Madrid</li>
<li>Exposición “Gorée el retorno” Sciences PO marzo 2013 Paris</li>
<li>Exposición “Gorée el retorno” Arco Santa María x Enero 2013 Burgos</li>
<li>Exposición colectiva “universo en español” instituto Cervantes noviembre 2012 Madrid</li>
<li>Exposición “Gorée el retorno” noviembre 2012 Casablanca</li>
<li>Exposición “Gorée el retorno” Casa de la madera Agosto 2012 Burgos</li>
<li>Descubrimientos Photoespaña junio 2012 Madrid</li>
<li>Exposición “Gorée el retorno” Junio 2012 Saint Louis</li>
<li>Exposición “Gorée el retorno” Bienal de arte contemporáneo Dak´art Mayo 2012 Dakar</li>
<li>Finalista concurso “universo en español” Diciembre 2011</li>
<li>Exposición “I WAS THERE” Junio 2011 galería Kavachnina Contemporary Miami</li>
<li>Exposición “22 de 2016” Teatro principal Junio 2011 Burgos</li>
<li>Exposición “Flamencos, Retrato de un sentimiento” Jeam Mermoz Junio 2011 Dakar</li>
<li>Exposición “el concepto negro de la noche blanca” Noche blanca de Mayo 2011 Burgos</li>
<li>Exposición “retratos Serranos” casa de la madera julio 2010 Burgos</li>
<li>Exposición” Portrait David Palacín” Bienal de arte contemporáneo Dak´art Mayo 2010 Dakar</li>
<li>Exposición” Portrait David Palacín” Casino Contrexevil Abril 2010 Contrexevil</li>
<li></li>
</ul>

<p>Exposición “Los guardianes de La Tierra” Teatro Principal octubre 2018 Burgos Exposición “Retorno a África” Dak´art 18 mayo 2018 Dakar Exposición “Discapacidad en la periferia del Mundo” Aranda de Duero marzo 2018 Cultural Caja de Burgos Exposición “Discapacidad en la periferia del Mundo” noviembre 2017  [&hellip;]</p>
